{"id":2092,"date":"2018-08-16T21:19:36","date_gmt":"2018-08-16T21:19:36","guid":{"rendered":"http:\/\/omegabookcompany.com.mx\/nuevo\/product\/going-forward-3-conalep-semestre-4-copy\/"},"modified":"2021-03-19T18:27:12","modified_gmt":"2021-03-19T18:27:12","slug":"instalaciones-basicas-residenciales","status":"publish","type":"product","link":"https:\/\/omegabookcompany.com.mx\/nuevo\/?product=instalaciones-basicas-residenciales","title":{"rendered":"Instalaciones B\u00e1sicas Residenciales"},"content":{"rendered":"","protected":false},"excerpt":{"rendered":"<p>\u00a1Aprende todo lo necesario acerca de instalaciones residenciales hidr\u00e1ulicas, el\u00e9ctricas y de gas con este pr\u00e1ctico material! Incluye CD con pr\u00e1cticas y planos adicionales.<\/p>\n","protected":false},"featured_media":2096,"template":"","meta":[],"product_cat":[119],"product_tag":[],"_links":{"self":[{"href":"https:\/\/omegabookcompany.com.mx\/nuevo\/index.php?rest_route=\/wp\/v2\/product\/2092"}],"collection":[{"href":"https:\/\/omegabookcompany.com.mx\/nuevo\/index.php?rest_route=\/wp\/v2\/product"}],"about":[{"href":"https:\/\/omegabookcompany.com.mx\/nuevo\/index.php?rest_route=\/wp\/v2\/types\/product"}],"wp:featuredmedia":[{"embeddable":true,"href":"https:\/\/omegabookcompany.com.mx\/nuevo\/index.php?rest_route=\/wp\/v2\/media\/2096"}],"wp:attachment":[{"href":"https:\/\/omegabookcompany.com.mx\/nuevo\/index.php?rest_route=%2Fwp%2Fv2%2Fmedia&parent=2092"}],"wp:term":[{"taxonomy":"product_cat","embeddable":true,"href":"https:\/\/omegabookcompany.com.mx\/nuevo\/index.php?rest_route=%2Fwp%2Fv2%2Fproduct_cat&post=2092"},{"taxonomy":"product_tag","embeddable":true,"href":"https:\/\/omegabookcompany.com.mx\/nuevo\/index.php?rest_route=%2Fwp%2Fv2%2Fproduct_tag&post=2092"}],"curies":[{"name":"wp","href":"https:\/\/api.w.org\/{rel}","templated":true}]}}